{"id":2,"date":"2023-06-15T10:49:18","date_gmt":"2023-06-15T10:49:18","guid":{"rendered":"https:\/\/pautafrenetica.rabiscos.online\/?page_id=2"},"modified":"2026-04-14T00:00:10","modified_gmt":"2026-04-14T00:00:10","slug":"sample-page","status":"publish","type":"page","link":"https:\/\/pautafrenetica.pt\/","title":{"rendered":"A Tua escola de M\u00fasica"},"content":{"rendered":"\t\t<div data-elementor-type=\"wp-page\" data-elementor-id=\"2\" class=\"elementor elementor-2\">\n\t\t\t\t\t\t<section class=\"elementor-section elementor-top-section elementor-element elementor-element-56556e50 elementor-section-boxed elementor-section-height-default elementor-section-height-default\" data-id=\"56556e50\" data-element_type=\"section\">\n\t\t\t\t\t\t<div class=\"elementor-container elementor-column-gap-default\">\n\t\t\t\t\t<div class=\"elementor-column elementor-col-100 elementor-top-column elementor-element elementor-element-7251a38e\" data-id=\"7251a38e\" data-element_type=\"column\">\n\t\t\t<div class=\"elementor-widget-wrap elementor-element-populated\">\n\t\t\t\t\t\t<div class=\"elementor-element elementor-element-2074653b elementor-widget elementor-widget-text-editor\" data-id=\"2074653b\" data-element_type=\"widget\" data-widget_type=\"text-editor.default\">\n\t\t\t\t<div class=\"elementor-widget-container\">\n\t\t\t<style>\/*! elementor - v3.21.0 - 30-04-2024 *\/\n.elementor-widget-text-editor.elementor-drop-cap-view-stacked .elementor-drop-cap{background-color:#69727d;color:#fff}.elementor-widget-text-editor.elementor-drop-cap-view-framed .elementor-drop-cap{color:#69727d;border:3px solid;background-color:transparent}.elementor-widget-text-editor:not(.elementor-drop-cap-view-default) .elementor-drop-cap{margin-top:8px}.elementor-widget-text-editor:not(.elementor-drop-cap-view-default) .elementor-drop-cap-letter{width:1em;height:1em}.elementor-widget-text-editor .elementor-drop-cap{float:left;text-align:center;line-height:1;font-size:50px}.elementor-widget-text-editor .elementor-drop-cap-letter{display:inline-block}<\/style>\t\t\t\t<p><!-- wp:paragraph {\"align\":\"center\",\"style\":{\"typography\":{\"fontSize\":\"30px\"}}} --><\/p>\n<p class=\"has-text-align-center\" style=\"font-size: 30px;\">Quer aprender um instrumento?\u00a0\u00a0<a href=\"https:\/\/pautafrenetica.pt\/index.php\/contactos\/\"><strong>Contacte-nos<\/strong>!<\/a><\/p>\n<p><!-- \/wp:paragraph --><!-- wp:heading --><\/p>\n<h2 class=\"wp-block-heading\">A Escola<\/h2>\n<p><!-- \/wp:heading --><!-- wp:paragraph --><\/p>\n<p>Somos uma Escola de M\u00fasica de nova gera\u00e7\u00e3o e dispomos de excelentes professores em cada instrumento! Todos os nossos docentes s\u00e3o m\u00fasicos em atividade nos v\u00e1rios estilos desde Rock ao Jazz, passando por Pop, Soul, Blues, Heavy Metal, R&amp;B, entre outros, pois acreditamos que s\u00f3 assim \u00e9 poss\u00edvel encontrar o melhor de dois mundos: o saber e o saber fazer!<\/p>\n<p><!-- \/wp:paragraph --><!-- wp:separator --><\/p>\n<hr class=\"wp-block-separator has-alpha-channel-opacity\" \/>\n<p><!-- \/wp:separator --><!-- wp:heading --><\/p>\n<h2 class=\"wp-block-heading\">Tocar em Grupo<\/h2>\n<p><!-- \/wp:heading --><!-- wp:paragraph --><\/p>\n<p>Raros s\u00e3o os que tocam sozinhos, e as vantagens de tocar e aprender em conjunto s\u00e3o imensas, pelo que na Pauta Fren\u00e9tica incentivamos os alunos a tocar em conjunto e sempre com v\u00e1rias atua\u00e7\u00f5es ao longo do ano. A disciplina de Combo \u00e9 opcional para alunos a partir dos 8 anos de idade.<\/p>\n<p><!-- \/wp:separator --><!-- wp:query {\"queryId\":39,\"query\":{\"perPage\":3,\"pages\":0,\"offset\":0,\"postType\":\"post\",\"order\":\"desc\",\"orderBy\":\"date\",\"author\":\"\",\"search\":\"\",\"exclude\":[],\"sticky\":\"\",\"inherit\":false},\"displayLayout\":{\"type\":\"list\"}} --><\/p>\n<div class=\"wp-block-query\">\n<p><!-- wp:post-template --><!-- wp:post-title {\"isLink\":true} \/--><!-- wp:post-featured-image {\"isLink\":true,\"align\":\"wide\"} \/--><!-- wp:post-excerpt \/--><!-- wp:separator {\"opacity\":\"css\"} --><\/p>\n<hr class=\"wp-block-separator has-css-opacity\" \/>\n<p><!-- \/wp:separator --><!-- wp:post-date \/--><!-- \/wp:post-template --><\/p>\n<\/div>\n<p><!-- \/wp:query --><\/p>\t\t\t\t\t\t<\/div>\n\t\t\t\t<\/div>\n\t\t\t\t\t<\/div>\n\t\t<\/div>\n\t\t\t\t\t<\/div>\n\t\t<\/section>\n\t\t\t\t<\/div>\n\t\t","protected":false},"excerpt":{"rendered":"<p>Quer aprender um instrumento?\u00a0\u00a0Contacte-nos! A Escola Somos uma Escola de M\u00fasica de nova gera\u00e7\u00e3o e dispomos de excelentes professores em cada instrumento! Todos os nossos docentes s\u00e3o m\u00fasicos em atividade nos v\u00e1rios estilos desde Rock ao Jazz, passando por Pop, Soul, Blues, Heavy Metal, R&amp;B, entre outros, pois acreditamos que s\u00f3 assim \u00e9 poss\u00edvel encontrar [&hellip;]<\/p>\n","protected":false},"author":3,"featured_media":378,"parent":0,"menu_order":0,"comment_status":"closed","ping_status":"open","template":"","meta":{"ngg_post_thumbnail":0,"footnotes":""},"class_list":["post-2","page","type-page","status-publish","has-post-thumbnail","hentry"],"blocksy_meta":[],"_links":{"self":[{"href":"https:\/\/pautafrenetica.pt\/index.php\/wp-json\/wp\/v2\/pages\/2","targetHints":{"allow":["GET"]}}],"collection":[{"href":"https:\/\/pautafrenetica.pt\/index.php\/wp-json\/wp\/v2\/pages"}],"about":[{"href":"https:\/\/pautafrenetica.pt\/index.php\/wp-json\/wp\/v2\/types\/page"}],"author":[{"embeddable":true,"href":"https:\/\/pautafrenetica.pt\/index.php\/wp-json\/wp\/v2\/users\/3"}],"replies":[{"embeddable":true,"href":"https:\/\/pautafrenetica.pt\/index.php\/wp-json\/wp\/v2\/comments?post=2"}],"version-history":[{"count":43,"href":"https:\/\/pautafrenetica.pt\/index.php\/wp-json\/wp\/v2\/pages\/2\/revisions"}],"predecessor-version":[{"id":412,"href":"https:\/\/pautafrenetica.pt\/index.php\/wp-json\/wp\/v2\/pages\/2\/revisions\/412"}],"wp:featuredmedia":[{"embeddable":true,"href":"https:\/\/pautafrenetica.pt\/index.php\/wp-json\/wp\/v2\/media\/378"}],"wp:attachment":[{"href":"https:\/\/pautafrenetica.pt\/index.php\/wp-json\/wp\/v2\/media?parent=2"}],"curies":[{"name":"wp","href":"https:\/\/api.w.org\/{rel}","templated":true}]}}